{"id":7,"date":"2020-12-22T17:17:30","date_gmt":"2020-12-22T16:17:30","guid":{"rendered":"http:\/\/wp.detchene-eusel-ling.com\/?page_id=7"},"modified":"2020-12-24T13:20:17","modified_gmt":"2020-12-24T12:20:17","slug":"venir","status":"publish","type":"page","link":"https:\/\/detchene-eusel-ling.com\/index.php\/venir\/","title":{"rendered":"Comment venir"},"content":{"rendered":"\n<h3 class=\"wp-block-heading\"><strong>PLAN D&rsquo;ACCES<\/strong><\/h3>\n\n\n\n<figure class=\"wp-block-image size-large\"><a href=\"https:\/\/goo.gl\/maps\/KJhvrXEc7s2BMwqS8\"><img loading=\"lazy\" decoding=\"async\" width=\"958\" height=\"475\" src=\"https:\/\/detchene-eusel-ling.com\/wp-content\/uploads\/2020\/12\/chrome_2020-12-24_13-18-29.png\" alt=\"\" class=\"wp-image-220\" srcset=\"https:\/\/detchene-eusel-ling.com\/wp-content\/uploads\/2020\/12\/chrome_2020-12-24_13-18-29.png 958w, https:\/\/detchene-eusel-ling.com\/wp-content\/uploads\/2020\/12\/chrome_2020-12-24_13-18-29-300x149.png 300w, https:\/\/detchene-eusel-ling.com\/wp-content\/uploads\/2020\/12\/chrome_2020-12-24_13-18-29-768x381.png 768w\" sizes=\"auto, (max-width: 958px) 100vw, 958px\" \/><\/a><\/figure>\n\n\n\n<h3 class=\"wp-block-heading\"><strong>ADRESSE<\/strong><\/h3>\n\n\n\n<p>12, rue Paul Vaillant Couturier<br>94140 ALFORTVILLE<\/p>\n\n\n\n<h3 class=\"wp-block-heading\"><strong>METRO<\/strong><\/h3>\n\n\n\n<p>Ligne 8 : Station Ecole V\u00e9t\u00e9rinaire de Maisons-Alfort<\/p>\n\n\n\n<h3 class=\"wp-block-heading\">BUS<\/h3>\n\n\n\n<p>103, 325, 125 : Arr\u00eat G\u00e9n\u00e9ral de Gaulle<\/p>\n\n\n\n<h3 class=\"wp-block-heading\"><strong>TELEPHONE<\/strong>\/MEL<\/h3>\n\n\n\n<p>Centre: 01 48 93 64 87<\/p>\n\n\n\n<p>secretariat@detchene-eusel-ling.com<\/p>\n","protected":false},"excerpt":{"rendered":"<p>PLAN D&rsquo;ACCES ADRESSE 12, rue Paul Vaillant Couturier94140 ALFORTVILLE METRO Ligne 8 : Station Ecole V\u00e9t\u00e9rinaire de Maisons-Alfort BUS 103, 325, 125 : Arr\u00eat G\u00e9n\u00e9ral de Gaulle TELEPHONE\/MEL Centre: 01 48 93 64 87 secretariat@detchene-eusel-ling.com<\/p>\n","protected":false},"author":1,"featured_media":11,"parent":0,"menu_order":0,"comment_status":"closed","ping_status":"closed","template":"","meta":{"_mc_calendar":[],"footnotes":""},"class_list":["post-7","page","type-page","status-publish","has-post-thumbnail","hentry"],"_links":{"self":[{"href":"https:\/\/detchene-eusel-ling.com\/index.php\/wp-json\/wp\/v2\/pages\/7","targetHints":{"allow":["GET"]}}],"collection":[{"href":"https:\/\/detchene-eusel-ling.com\/index.php\/wp-json\/wp\/v2\/pages"}],"about":[{"href":"https:\/\/detchene-eusel-ling.com\/index.php\/wp-json\/wp\/v2\/types\/page"}],"author":[{"embeddable":true,"href":"https:\/\/detchene-eusel-ling.com\/index.php\/wp-json\/wp\/v2\/users\/1"}],"replies":[{"embeddable":true,"href":"https:\/\/detchene-eusel-ling.com\/index.php\/wp-json\/wp\/v2\/comments?post=7"}],"version-history":[{"count":11,"href":"https:\/\/detchene-eusel-ling.com\/index.php\/wp-json\/wp\/v2\/pages\/7\/revisions"}],"predecessor-version":[{"id":222,"href":"https:\/\/detchene-eusel-ling.com\/index.php\/wp-json\/wp\/v2\/pages\/7\/revisions\/222"}],"wp:featuredmedia":[{"embeddable":true,"href":"https:\/\/detchene-eusel-ling.com\/index.php\/wp-json\/wp\/v2\/media\/11"}],"wp:attachment":[{"href":"https:\/\/detchene-eusel-ling.com\/index.php\/wp-json\/wp\/v2\/media?parent=7"}],"curies":[{"name":"wp","href":"https:\/\/api.w.org\/{rel}","templated":true}]}}