{"id":480,"date":"2024-02-24T23:11:27","date_gmt":"2024-02-24T22:11:27","guid":{"rendered":"https:\/\/detchene-eusel-ling.com\/?page_id=480"},"modified":"2024-02-24T23:11:27","modified_gmt":"2024-02-24T22:11:27","slug":"voeux-du-venerable-kyabje-gosok-rinpoche-pour-lannee-du-dragon-2024","status":"publish","type":"page","link":"https:\/\/detchene-eusel-ling.com\/index.php\/voeux-du-venerable-kyabje-gosok-rinpoche-pour-lannee-du-dragon-2024\/","title":{"rendered":"Voeux du v\u00e9n\u00e9rable Kyabj\u00e9 Gosok Rinpoche pour l&rsquo;ann\u00e9e du dragon 2024"},"content":{"rendered":"\n<div data-wp-interactive=\"core\/file\" class=\"wp-block-file\"><object data-wp-bind--hidden=\"!state.hasPdfPreview\" hidden class=\"wp-block-file__embed\" data=\"https:\/\/detchene-eusel-ling.com\/wp-content\/uploads\/2024\/02\/LOSAR-2151-du-DRAGON-DE-BOIS.pdf\" type=\"application\/pdf\" style=\"width:100%;height:600px\" aria-label=\"Contenu embarqu\u00e9 LOSAR-2151-du-DRAGON-DE-BOIS.\"><\/object><a id=\"wp-block-file--media-17d805ce-554b-4e86-9a82-5c018e149edc\" href=\"https:\/\/detchene-eusel-ling.com\/wp-content\/uploads\/2024\/02\/LOSAR-2151-du-DRAGON-DE-BOIS.pdf\">LOSAR-2151-du-DRAGON-DE-BOIS<\/a><a href=\"https:\/\/detchene-eusel-ling.com\/wp-content\/uploads\/2024\/02\/LOSAR-2151-du-DRAGON-DE-BOIS.pdf\" class=\"wp-block-file__button wp-element-button\" download aria-describedby=\"wp-block-file--media-17d805ce-554b-4e86-9a82-5c018e149edc\">T\u00e9l\u00e9charger<\/a><\/div>\n","protected":false},"excerpt":{"rendered":"","protected":false},"author":2,"featured_media":0,"parent":0,"menu_order":0,"comment_status":"closed","ping_status":"closed","template":"","meta":{"_mc_calendar":[],"footnotes":""},"class_list":["post-480","page","type-page","status-publish","hentry"],"_links":{"self":[{"href":"https:\/\/detchene-eusel-ling.com\/index.php\/wp-json\/wp\/v2\/pages\/480","targetHints":{"allow":["GET"]}}],"collection":[{"href":"https:\/\/detchene-eusel-ling.com\/index.php\/wp-json\/wp\/v2\/pages"}],"about":[{"href":"https:\/\/detchene-eusel-ling.com\/index.php\/wp-json\/wp\/v2\/types\/page"}],"author":[{"embeddable":true,"href":"https:\/\/detchene-eusel-ling.com\/index.php\/wp-json\/wp\/v2\/users\/2"}],"replies":[{"embeddable":true,"href":"https:\/\/detchene-eusel-ling.com\/index.php\/wp-json\/wp\/v2\/comments?post=480"}],"version-history":[{"count":1,"href":"https:\/\/detchene-eusel-ling.com\/index.php\/wp-json\/wp\/v2\/pages\/480\/revisions"}],"predecessor-version":[{"id":483,"href":"https:\/\/detchene-eusel-ling.com\/index.php\/wp-json\/wp\/v2\/pages\/480\/revisions\/483"}],"wp:attachment":[{"href":"https:\/\/detchene-eusel-ling.com\/index.php\/wp-json\/wp\/v2\/media?parent=480"}],"curies":[{"name":"wp","href":"https:\/\/api.w.org\/{rel}","templated":true}]}}