{"id":435,"date":"2024-02-24T19:35:05","date_gmt":"2024-02-24T18:35:05","guid":{"rendered":"https:\/\/detchene-eusel-ling.com\/?page_id=435"},"modified":"2024-02-25T09:31:08","modified_gmt":"2024-02-25T08:31:08","slug":"tournee-des-moines-de-sera-mey-2023","status":"publish","type":"page","link":"https:\/\/detchene-eusel-ling.com\/index.php\/tournee-des-moines-de-sera-mey-2023\/","title":{"rendered":"Tourn\u00e9es des moines de Sera Mey"},"content":{"rendered":"\n<p class=\"has-large-font-size\"><strong>Tourn\u00e9e 2023<\/strong><\/p>\n\n\n\n<p><strong>Chants tib\u00e9tains propos\u00e9s par les moines de S\u00e9ra Mey,&nbsp; le 19 Aout 2023, \u00e0 Paimboeuf, chez Malika.<\/strong><\/p>\n\n\n\n<figure class=\"wp-block-embed is-type-rich is-provider-prise-en-charge-des-contenus-embarqu-s wp-block-embed-prise-en-charge-des-contenus-embarqu-s wp-embed-aspect-4-3 wp-has-aspect-ratio\"><div class=\"wp-block-embed__wrapper\">\n<iframe loading=\"lazy\" title=\"Chants tib\u00e9tains propos\u00e9s par les moines de S\u00e9ra Mey, 19\/08\/23\" width=\"580\" height=\"435\" src=\"https:\/\/www.youtube.com\/embed\/R8S1eDAaUnU?feature=oembed\" frameborder=\"0\" allow=\"accelerometer; autoplay; clipboard-write; encrypted-media; gyroscope; picture-in-picture; web-share\" referrerpolicy=\"strict-origin-when-cross-origin\" allowfullscreen><\/iframe>\n<\/div><\/figure>\n\n\n\n<p><strong>CCBR de Rennes du 23 au 25 Juin 2023.<\/strong><\/p>\n\n\n\n<figure class=\"wp-block-embed is-type-rich is-provider-prise-en-charge-des-contenus-embarqu-s wp-block-embed-prise-en-charge-des-contenus-embarqu-s wp-embed-aspect-16-9 wp-has-aspect-ratio\"><div class=\"wp-block-embed__wrapper\">\n<iframe loading=\"lazy\" title=\"C\u00e9r\u00e9monie du Mandala de M\u00e9decine , par les moines du monast\u00e8re de Sera Mey, au CCBR de Rennes.\" width=\"580\" height=\"326\" src=\"https:\/\/www.youtube.com\/embed\/VHcankeV2no?feature=oembed\" frameborder=\"0\" allow=\"accelerometer; autoplay; clipboard-write; encrypted-media; gyroscope; picture-in-picture; web-share\" referrerpolicy=\"strict-origin-when-cross-origin\" allowfullscreen><\/iframe>\n<\/div><\/figure>\n\n\n\n<figure class=\"wp-block-embed is-type-rich is-provider-prise-en-charge-des-contenus-embarqu-s wp-block-embed-prise-en-charge-des-contenus-embarqu-s wp-embed-aspect-16-9 wp-has-aspect-ratio\"><div class=\"wp-block-embed__wrapper\">\n<iframe loading=\"lazy\" title=\"Conf\u00e9rence sur le Karma , loi de cause \u00e0 effet, Abong  Rinpoch\u00e9 le 25\/06\/2023 , au CCBR de Rennes.\" width=\"580\" height=\"326\" src=\"https:\/\/www.youtube.com\/embed\/R3YtZnugMZ8?feature=oembed\" frameborder=\"0\" allow=\"accelerometer; autoplay; clipboard-write; encrypted-media; gyroscope; picture-in-picture; web-share\" referrerpolicy=\"strict-origin-when-cross-origin\" allowfullscreen><\/iframe>\n<\/div><\/figure>\n\n\n\n<figure class=\"wp-block-embed is-type-rich is-provider-prise-en-charge-des-contenus-embarqu-s wp-block-embed-prise-en-charge-des-contenus-embarqu-s wp-embed-aspect-16-9 wp-has-aspect-ratio\"><div class=\"wp-block-embed__wrapper\">\n<iframe loading=\"lazy\" title=\"Conf\u00e9rence sur l&#039;altruisme et la compassion de Abong  Rinpoch\u00e9 le 24\/06\/2023 , au CCBR de Rennes.\" width=\"580\" height=\"326\" src=\"https:\/\/www.youtube.com\/embed\/WkU_ZcGq5oU?feature=oembed\" frameborder=\"0\" allow=\"accelerometer; autoplay; clipboard-write; encrypted-media; gyroscope; picture-in-picture; web-share\" referrerpolicy=\"strict-origin-when-cross-origin\" allowfullscreen><\/iframe>\n<\/div><\/figure>\n\n\n\n<figure class=\"wp-block-embed is-type-rich is-provider-prise-en-charge-des-contenus-embarqu-s wp-block-embed-prise-en-charge-des-contenus-embarqu-s wp-embed-aspect-16-9 wp-has-aspect-ratio\"><div class=\"wp-block-embed__wrapper\">\n<iframe loading=\"lazy\" title=\"La Symbolique du Mandala par le V\u00e9n\u00e9rable Abong Rinpoch\u00e9, le 23\/06\/2023, au CCBR de Rennes.\" width=\"580\" height=\"326\" src=\"https:\/\/www.youtube.com\/embed\/itMnrQylowA?feature=oembed\" frameborder=\"0\" allow=\"accelerometer; autoplay; clipboard-write; encrypted-media; gyroscope; picture-in-picture; web-share\" referrerpolicy=\"strict-origin-when-cross-origin\" allowfullscreen><\/iframe>\n<\/div><\/figure>\n\n\n\n<p class=\"has-large-font-size\"><strong>TOURN\u00c9E 2018<\/strong><\/p>\n\n\n\n<p>Pr\u00e9sentation du mandala du bouddha de la m\u00e9decine, par le v\u00e9n\u00e9rable Gelek Samdroup, CCBR de Rennes<\/p>\n\n\n\n<figure class=\"wp-block-embed is-type-video is-provider-youtube wp-block-embed-youtube wp-embed-aspect-16-9 wp-has-aspect-ratio\"><div class=\"wp-block-embed__wrapper\">\n<iframe loading=\"lazy\" title=\"Pr\u00e9sentation du mandala du bouddha de la m\u00e9decine, par le v\u00e9n\u00e9rable Gelek Samdroup, CCBR de Rennes\" width=\"580\" height=\"326\" src=\"https:\/\/www.youtube.com\/embed\/3Crz-6FmjRU?feature=oembed\" frameborder=\"0\" allow=\"accelerometer; autoplay; clipboard-write; encrypted-media; gyroscope; picture-in-picture; web-share\" referrerpolicy=\"strict-origin-when-cross-origin\" allowfullscreen><\/iframe>\n<\/div><\/figure>\n\n\n\n<p>Dissolution du mandala de la m\u00e9decine par les moines de l&rsquo;\u00e9cole monastique de Phuntsok Tcheu Ling au CCBR de Rennes, 2018<\/p>\n\n\n\n<figure class=\"wp-block-embed is-type-video is-provider-youtube wp-block-embed-youtube wp-embed-aspect-16-9 wp-has-aspect-ratio\"><div class=\"wp-block-embed__wrapper\">\n<iframe loading=\"lazy\" title=\"Dissolution du mandala de la m\u00e9decine par les moines de Phuntsok Tcheu Ling, au CCBR de Rennes, 2018\" width=\"580\" height=\"326\" src=\"https:\/\/www.youtube.com\/embed\/Cezf2TRLnXU?feature=oembed\" frameborder=\"0\" allow=\"accelerometer; autoplay; clipboard-write; encrypted-media; gyroscope; picture-in-picture; web-share\" referrerpolicy=\"strict-origin-when-cross-origin\" allowfullscreen><\/iframe>\n<\/div><\/figure>\n","protected":false},"excerpt":{"rendered":"<p>Tourn\u00e9e 2023 Chants tib\u00e9tains propos\u00e9s par les moines de S\u00e9ra Mey,&nbsp; le 19 Aout 2023, \u00e0 Paimboeuf, chez Malika. CCBR de Rennes du 23 au 25 Juin 2023. TOURN\u00c9E 2018 Pr\u00e9sentation du mandala du bouddha de la m\u00e9decine, par le v\u00e9n\u00e9rable Gelek Samdroup, CCBR de Rennes Dissolution du mandala de la m\u00e9decine par les moines [&hellip;]<\/p>\n","protected":false},"author":2,"featured_media":0,"parent":0,"menu_order":0,"comment_status":"closed","ping_status":"closed","template":"","meta":{"_mc_calendar":[],"footnotes":""},"class_list":["post-435","page","type-page","status-publish","hentry"],"_links":{"self":[{"href":"https:\/\/detchene-eusel-ling.com\/index.php\/wp-json\/wp\/v2\/pages\/435","targetHints":{"allow":["GET"]}}],"collection":[{"href":"https:\/\/detchene-eusel-ling.com\/index.php\/wp-json\/wp\/v2\/pages"}],"about":[{"href":"https:\/\/detchene-eusel-ling.com\/index.php\/wp-json\/wp\/v2\/types\/page"}],"author":[{"embeddable":true,"href":"https:\/\/detchene-eusel-ling.com\/index.php\/wp-json\/wp\/v2\/users\/2"}],"replies":[{"embeddable":true,"href":"https:\/\/detchene-eusel-ling.com\/index.php\/wp-json\/wp\/v2\/comments?post=435"}],"version-history":[{"count":7,"href":"https:\/\/detchene-eusel-ling.com\/index.php\/wp-json\/wp\/v2\/pages\/435\/revisions"}],"predecessor-version":[{"id":525,"href":"https:\/\/detchene-eusel-ling.com\/index.php\/wp-json\/wp\/v2\/pages\/435\/revisions\/525"}],"wp:attachment":[{"href":"https:\/\/detchene-eusel-ling.com\/index.php\/wp-json\/wp\/v2\/media?parent=435"}],"curies":[{"name":"wp","href":"https:\/\/api.w.org\/{rel}","templated":true}]}}